1 and 81?
27
What is the highest common factor of 382 and 455153?
191
Calculate the highest common divisor of 714150 and 300.
150
What is the highest common divisor of 175 and 19880?
35
What is the highest common divisor of 75257 and 273?
91
Calculate the highest common divisor of 5 and 79625.
5
Calculate the greatest common divisor of 18 and 53202.
6
What is the greatest common factor of 1049 and 1190615?
1049
What is the greatest common divisor of 2592 and 5751?
81
Calculate the greatest common divisor of 166 and 94786.
166
Calculate the greatest common divisor of 90 and 11934.
18
Calculate the highest common divisor of 259 and 16095.
37
Calculate the greatest common divisor of 12294009 and 17.
17
What is the greatest common factor of 10 and 372895?
5
Calculate the greatest common divisor of 446266 and 2.
2
What is the highest common factor of 279464 and 193?
193
What is the greatest common factor of 6912 and 1032?
24
Calculate the greatest common factor of 456 and 36898.
38
Calculate the highest common divisor of 387 and 19909.
43
Calculate the greatest common divisor of 89628 and 396.
132
What is the greatest common divisor of 1751 and 34?
17
Calculate the greatest common factor of 414201 and 707.
101
Calculate the greatest common factor of 14611 and 874.
19
Calculate the highest common divisor of 110 and 1792230.
110
Calculate the highest common divisor of 59 and 104194.
59
Calculate the greatest common factor of 2299 and 12388.
19
Calculate the highest common divisor of 166451 and 943.
23
What is the highest common factor of 231 and 12397?
77
Calculate the highest common divisor of 2187 and 26325.
81
Calculate the highest common factor of 8967 and 7991.
61
Calculate the greatest common factor of 1720 and 401749.
43
What is the highest common divisor of 396 and 6018804?
396
Calculate the highest common divisor of 107510 and 1.
1
Calculate the greatest common divisor of 117 and 100071.
9
What is the greatest common factor of 80984 and 26712?
424
Calculate the greatest common divisor of 342426 and 168.
42
Calculate the highest common divisor of 249813 and 1107.
369
Calculate the highest common factor of 142795 and 45.
5
What is the highest common divisor of 1327553 and 283?
283
What is the greatest common factor of 942378 and 102?
102
What is the highest common factor of 2266 and 76838?
206
What is the greatest common divisor of 689828 and 2528?
316
What is the greatest common divisor of 15813 and 1911?
21
Calculate the highest common factor of 37 and 356791.
37
What is the highest common factor of 614862 and 90?
18
What is the greatest common divisor of 1047 and 69?
3
Calculate the greatest common factor of 240416 and 64.
32
Calculate the greatest common divisor of 506 and 50446.
22
Calculate the highest common divisor of 2094887 and 279.
31
Calculate the greatest common divisor of 4606 and 65268.
98
What is the highest common divisor of 48289 and 43?
43
What is the greatest common divisor of 14820 and 2899?
13
Calculate the greatest common divisor of 24434 and 13503.
643
What is the greatest common divisor of 3710 and 1166?
106
What is the greatest common divisor of 2400 and 21850?
50
Calculate the highest common divisor of 18 and 55554.
6
Calculate the highest common divisor of 239834 and 1036.
518
Calculate the highest common divisor of 1107 and 701961.
123
Calculate the highest common factor of 17806 and 2.
2
Calculate the greatest common factor of 86052 and 20604.
1212
Calculate the greatest common factor of 840 and 61656.
168
What is the greatest common divisor of 18921 and 35?
7
What is the greatest common factor of 69240 and 100?
20
What is the greatest common divisor of 1 and 136309?
1
Calculate the highest common divisor of 870 and 331905.
435
Calculate the highest common divisor of 4380 and 540.
60
Calculate the highest common factor of 506 and 3278.
22
Calculate the highest common divisor of 183 and 617869.
61
What is the highest common divisor of 52650 and 95550?
1950
What is the greatest common divisor of 1157530 and 2618?
374
Calculate the greatest common divisor of 20940 and 2016.
12
Calculate the greatest common factor of 128 and 35408.
16
What is the highest common divisor of 85936 and 287?
41
Calculate the greatest common factor of 17371 and 42529.
599
Calculate the greatest common divisor of 55044 and 891.
99
Calculate the greatest common factor of 60 and 2681300.
20
What is the highest common divisor of 36982 and 198?
22
What is the highest common factor of 6 and 2249?
1
Calculate the greatest common divisor of 1078921 and 106.
53
What is the highest common divisor of 6312 and 40?
8
Calculate the highest common factor of 7 and 16667.
7
Calculate the greatest common factor of 100685 and 109979.
1549
Calculate the greatest common factor of 148 and 1972396.
148
What is the greatest common factor of 8920 and 280?
40
What is the greatest common divisor of 76121 and 5542?
163
What is the highest common divisor of 16075 and 75?
25
What is the highest common factor of 216 and 854136?
72
Calculate the highest common divisor of 18 and 57618.
18
What is the highest common divisor of 1625 and 4250?
125
What is the greatest common factor of 18225846 and 18?
18
What is the highest common divisor of 1243 and 14553?
11
What is the highest common divisor of 114466 and 726?
242
What is the greatest common factor of 46305 and 270?
135
What is the highest common factor of 174 and 726?
6
What is the greatest common factor of 310 and 961?
31
Calculate the highest common divisor of 480 and 2718960.
240
Calculate the highest common divisor of 4704 and 2254.
98
What is the highest common factor of 18435 and 45?
15
Calculate the greatest common factor of 572 and 391534.
286
Calculate the highest common factor of 406827 and 867.
51
What is the highest common factor of 116 and 6076?
4
Calculate the greatest common divisor of 600 and 5352.
24
What is the greatest common factor of 616469 and 2737?
161
Calculate the highest common divisor of 8077 and 7298.
41
What is the greatest common factor of 4541 and 4009?
19
What is the highest common factor of 1968 and 48?
48
What is the greatest common divisor of 79200 and 32?
32
What is the greatest common divisor of 152 and 32?
8
Calculate the highest common divisor of 5735 and 34780.
185
Calculate the greatest common factor of 21560 and 49.
49
Calculate the greatest common factor of 880 and 1370.
10
Calculate the highest common divisor of 13090 and 384230.
770
What is the greatest common divisor of 460 and 1115?
5
Calculate the highest common factor of 306 and 17544.
102
Calculate the greatest common factor of 376160 and 320.
160
Calculate the greatest common factor of 177183 and 171.
9
What is the greatest common divisor of 15579 and 18?
9
Calculate the highest common divisor of 453045 and 10.
5
What is the greatest common divisor of 47745 and 180?
45
What is the greatest common factor of 482 and 70131?
241
Calculate the greatest common factor of 210133 and 2310.
77
Calculate the highest common factor of 50 and 1635375.
25
What is the greatest common divisor of 11080 and 16?
8
What is the greatest common divisor of 1129700 and 316?
316
Calculate the highest common divisor of 1249308 and 36.
36
What is the greatest common divisor of 17 and 25568?
17
What is the greatest common divisor of 10591 and 105?
7
What is the greatest common divisor of 306943 and 182?
91
What is the greatest common factor of 75558 and 28?
14
Calculate the highest common factor of 9102 and 18942.
246
Calculate the highest common divisor of 1126840 and 880.
440
What is the highest common factor of 440 and 31700?
20
What is the greatest common divisor of 23048 and 8600?
344
What is the greatest common divisor of 648 and 12072?
24
Calculate the greatest common factor of 882 and 2625.
21
What is the greatest common factor of 121510 and 10894?
838
What is the greatest common divisor of 18904 and 153?
17
What is the highest common divisor of 630 and 419265?
315
Calculate the greatest common factor of 131593 and 525.
7
What is the highest common divisor of 9776 and 77584?
208
What is the highest common factor of 423612 and 819?
63
What is the highest common factor of 9456 and 2352?
48
Calculate the greatest common factor of 4074203 an